.
2
Let a be 0*((-3)/(-2) - 2). Suppose a = -0*m - 4*m + 24. Let w = m + -4. Let s(p) = -p**3 + p**2 - 3*p + 2. What is s(w)?
-8
Let w(u) be the second derivative of -u**6/144 + u**5/40 - u**4/12 - 2*u. Let o(p) be the third derivative of w(p). Suppose 0 = -3*c + 6. Determine o(c).
-7
Let n be 6/(-5)*40/(-3). Let y = 11 - n. Let a(c) = c + 7. What is a(y)?
2
Let o be (28/21)/(1/3). Let u(q) = -q**3 + 4*q**2 - 3*q. Give u(o).
-12
Let y(q) = q**3 + 15*q**2 - 55*q - 13. Let m be y(-18). Let v(u) = u**2 - 6*u - 2. Determine v(m).
-7
Let m(c) = 1 - 1 + 5 - 3 - 7*c. Suppose -5*l + 4 + 6 = 0. Suppose 4*b - 5 + 1 = -f, 16 = l*b - 3*f. Determine m(b).
-12
Let n(w) be the second derivative of -1/2*w**2 + 1/6*w**4 + 0 + 1/3*w**3 + 3*w. Suppose 0 = 2*y + 2*y + 8. What is n(y)?
3
Let v(d) = -d**2 - 12*d + 15. Let q be v(-13). Let t(u) be the first derivative of -1/3*u**3 + 1/2*u**2 + q + 4*u. Give t(-3).
-8
Let u(k) = -5 + 4923*k**2 - k + 0 - 4924*k**2. What is u(0)?
-5
Suppose -4*x + 11 = 4*m - 13, -25 = -5*x. Let q(z) = 8*z**2 + 1. Calculate q(m).
9
Suppose 8 = 5*b - 7. Let l(a) be the first derivative of 2 - b*a + 3/2*a**2. Calculate l(3).
6
Let r(b) = -6*b - 9. Let j(h) = h + 1. Let l(m) = -2*j(m) - r(m). Give l(-5).
-13
Let s(r) = -7*r**2 + 3 - 1 + r**3 - 2*r + r. Let m be (3*7/6)/((-3)/(-6)). What is s(m)?
-5
Let d be 4/(-18) - 8/(-36). Let t(a) = -3*a**2 - 5*a + 9. Let m be 1/(-4) + (-19)/4. Let b(r) = -2*r**2 - 3*r + 5. Let u(i) = m*b(i) + 3*t(i). Calculate u(d).
2
Suppose 5*x + 7*w - 2*w = -25, -5*x + w = 19. Let v(p) be the second derivative of p**3/6 + 3*p**2/2 + 3*p. Calculate v(x).
-1
Let t(z) = -9*z + 1. Let b(s) = -s**2 - s - 1. Let d(m) = -m**3 + 4*m**2 + 4*m + 6. Let c(h) = -2*b(h) + d(h). Let r be c(7). Give t(r).
-8
Let n(j) = j**2 + 10*j + 8. Let v be n(-7). Let r(g) = -15*g - 6. Let w(p) = 7*p + 3. Let z(y) = v*w(y) - 6*r(y). Calculate z(-6).
3
Let n(j) be the first derivative of j**2/2 - 12*j - 6. Give n(5).
-7
Let n(z) = z**2 + 3*z - 2. Let a be n(1). Let d(q) = 5*q - 3. Determine d(a).
7
Let x(l) = 4*l - 1. Let p be (2 - (-9)/6) + (-6)/4. What is x(p)?
7
Suppose 0 = 5*w - 1 - 14. Suppose 5*v - 4*u + 27 = 0, -u + 0 = -w. Let s(n) = n**2 + 2*n + 1. What is s(v)?
4
Let b(p) = -p**3 + 9*p**2 - p + 2. Suppose 2*y = -i + 13, i = 4*i + 15. Give b(y).
-7
Let x(f) = -f**3 + 5*f**2 - 3*f - 1. Let q be x(4). Let k(u) = u. Determine k(q).
3
Let y(b) be the third derivative of 2*b**2 + 5/6*b**3 + 0 + 0*b - 1/24*b**4. Give y(4).
1
Let p(y) be the third derivative of -y**5/60 + y**4/24 + y**3/6 + 10*y**2. Calculate p(0).
1
Let q(s) = -s + 5. Let w(o) = 6*o. Let t = 6 + -10. Let b be w(t). Let z be b/9*3/(-2). Determine q(z).
1
Let v(p) = -p**3 + 5*p**2 + 4*p - 1. Let j(g) = 2*g**3 - 6*g**2 - 5*g + 1. Let l(u) = -5*j(u) - 6*v(u). Let o = 6 + 8. Let d be o/(-8) + (-9)/(-12). Give l(d).
4
Let x(i) be the first derivative of i**2/2 - 3*i + 11. Determine x(8).
5
Suppose 2*o - 6*o + 92 = 0. Let i(v) = -10*v + 8 - 9*v - 5*v + o*v. Calculate i(6).
2
Let i(a) = 0*a - a + 0*a + a**3. Let z = -13 + 5. Let u = -9 - z. Determine i(u).
0
Let m(p) = -5*p + 2*p - p**2 + 0 - 1. Let g = 2 - -1. Let y be 1*(-3*g)/3. Determine m(y).
-1
Suppose 2*m = f - 19, -m - 5 - 7 = -f. Let o(u) = -u**2 - 6*u + 6. Determine o(m).
-1
Let h(x) = -x**3 - 6*x**2 - 8*x - 5. Suppose v - 2 = 4*y + 1, -3*y = -2*v - 4. What is h(v)?
10
Let q(f) = 2*f**2 + f - 3. Let u be (8 - 3) + (2 - (-2 - -6)). Determine q(u).
18
Let t(p) = -3*p - 14*p + 3 + 23*p - 2. What is t(-1)?
-5
Let n(o) = -4*o**3 + 3*o**2 - 5. Let x(t) = 7*t**3 - 7*t**2 - t + 11. Let v(b) = -5*n(b) - 3*x(b). Calculate v(6).
10
Let o be 2*((-21)/(-2))/7. Let d(l) = -l**3 + 2*l**2 + 2*l + 1. Give d(o).
-2
Suppose 5*t + 0 = 10. Let a(f) = -f**3 + 2 - 3*f + 6*f**t + 4*f - 2. Determine a(6).
6
Let p(l) = l - 9. Let j be p(5). Let k(g) be the first derivative of 0*g**2 + 4/3*g**3 + 1 - 3*g + 1/4*g**4. What is k(j)?
-3
Suppose 0 = -4*q + 31 - 3. Let a(h) = -1 + q - h + 2*h. Let j be a(-8). Let y(b) = -4*b - 2. What is y(j)?
6
Let x(g) be the first derivative of 8*g**3 - 9*g**2/2 + 4*g + 6. Let l(t) = 6*t**2 - 2*t + 1. Let f(r) = 9*l(r) - 2*x(r). What is f(1)?
7
Let a(d) = -5*d + 12*d - 4*d. What is a(-1)?
-3
Let z(y) = 7*y**2 + 2*y + 19. Let m(o) = 4*o**2 + o + 9. Let p(n) = 5*m(n) - 3*z(n). Determine p(0).
-12
Let b(i) = 3*i - 7. Let j(t) = 1. Let v(l) = b(l) + 6*j(l). Calculate v(1).
2
Let v be 2*3*(-30)/36. Let b(c) = -c**3 - 6*c**2 - 6*c + 3. Determine b(v).
8
Let y(p) = 2*p**2 - 3*p - 2. Suppose 4*w + 4*i - 3 = -23, -i + 7 = -3*w. What is y(w)?
25
Suppose -3*h = -4*h + 3. Suppose -3*x = -2*z - 13, 4*x = x - 4*z + 19. Suppose x = h*k + 20. Let d(t) = -t**3 - 6*t**2 - 5*t - 7. Calculate d(k).
-7
Let y(z) = z**3 - z**2 + 2. Suppose -3 + 1 = -x. Suppose -2*f = 2*m - 6, -5*m + f = x*f - 19. Suppose -d - 1 = 3, -m*o - 20 = 5*d. Determine y(o).
2
Let l(d) = d. Suppose 0 + 5 = q - z, 0 = -5*q - 2*z + 4. Suppose q*g = g. Suppose -4*k + 7 + 13 = g. What is l(k)?
5
Let i(b) = b - 7. Let k be i(7). Let p(s) = s**2 + s + 1. What is p(k)?
1
Let c be (-156)/20 + 2 - (-3)/(-15). Let m(y) = -y - 8. Calculate m(c).
-2
Suppose 2*v + 4*k = 2, 3*v - 3 = -0*k - 2*k. Let j(u) = u**3 + 10*u**2 + 10*u + 11. Let o be j(-9). Let x(b) = b + 3*b**2 + o - 3 - b**2. Determine x(v).
2
Let q(g) = -g**2 + 5*g - 4. Suppose -4*x = -x. Let y be x/(0 - (0 - -3)). Suppose 0 = r + 4*n - 8, -5*r - 3*n + y*n = -23. Determine q(r).
0
Let g(k) = -5*k**2 + 1. Let w(v) = 6*v**2 + v - 2. Suppose 0 = 3*y - 2*y - 4. Let s(r) = y*w(r) + 5*g(r). Calculate s(3).
0
Let h = -17 + 12. Let a(v) = v**3 + 26*v - 47*v + 6*v**2 - 4 + 26*v. Calculate a(h).
-4
Let c(y) = y**2 + 6*y + 3. Let s(x) = 7*x + 47. Let w be s(-7). Determine c(w).
-5
Let i(p) be the first derivative of p**3/3 + 2*p**2 + 4*p + 5. Let j be i(-3). Let m(w) = -8*w**3 + w**2 + w - 1. Give m(j).
-7
Let b(m) = m**2 - 7*m + 6. Let v(w) = w**2 - 4*w - 8. Let n be v(6). Suppose -15 = -5*r, -3*r + 21 = n*c - 4*r. Give b(c).
0
Let p = -8 + 6. Let u(i) be the second derivative of 2*i**3/3 + 17*i. Give u(p).
-8
Suppose 0*b = -b. Suppose -2*q - 25 = -3*a - 2*a, b = a - 5. Let l(f) be the third derivative of -f**6/120 + f**5/60 + f**3 + 4*f**2. Determine l(q).
6
Let k be 8*3/6 - 1. Let g(a) be the third derivative of 0 + 0*a - a**2 + 1/6*a**k - 11/24*a**4. Calculate g(1).
-10
Let m(g) = 3 - g + 0 - g**2 - 2*g. Suppose 4*o + 22 - 2 = 0. What is m(o)?
-7
Let y(b) = b**3 + b**2 - 2. Let r be y(-2). Let z(k) = -k**2 - 5*k + 6. Determine z(r).
0
Let d(r) = 2*r**2 + 2*r - 2. Suppose -2*t - 2 = -0*t. Let j(l) be the second derivative of -l**4/12 + l**3/6 + l. Let x be j(t). What is d(x)?
2
Let p be 52/13 - 10/3. Let k(j) be the first derivative of 0*j**2 - p*j**3 + 0*j - 1. Give k(-2).
-8
Let n(p) be the third derivative of -p**5/60 + p**4/8 + p**3/6 - p**2. Let m = -30 - -17. Let d = m + 18. Calculate n(d).
-9
Let c = -31 + 36. Let u(l) = -l**3 + 6*l**2 - 7*l + 7. What is u(c)?
-3
Let t(c) = -c**3 - c**2. Let q be 0*(3/(-2) - -2). Let l = 3 - 5. Let o be -2*l/4*q. Determine t(o).
0
Let f(p) = 4*p**3 - 7*p**2 + 8. Let b(z) = 9*z**3 - 14*z**2 + 17. Let t(g) = -3*b(g) + 7*f(g). Calculate t(6).
-31
Let s(u) be the second derivative of u**5/10 + u**4/12 - u**3/6 - u**2/2 - 8*u - 3. Calculate s(-2).
-11
Let t be 1*(-1 + 0) + -2. Suppose -3*p + 5*q = -31, -3*p - 3*q + 2*q = -19. Let b = p + t. Let o(v) = -2*v**2 + 5*v + 2. Determine o(b).
-10
Let h(i) be the second derivative of -1/2*i**4 - 3*i + 2/3*i**3 + 1/20*i**5 + 0 + 7/2*i**2. Give h(5).
2
Let m(c) = c**2 - 4*c. Let u = 1 - -1. Suppose u*s = -2*g + 40, -g + 7 + 16 = 2*s. Let o = -12 + g. Give m(o).
5
Suppose q = 2*p - 5 + 16, 3*p + 24 = 3*q. Let v(k) = 84 - 91 + k + 4*k - k**2. Calculate v(q).
-7
Let i(y) = y**3 + y + 2. Let a be i(0). Let x(p) = 2 - 8 + p**3 + 1 - 9*p + 5*p**a. What is x(-6)?
13
Let z(x) = x**3 + 6*x**2 - 7*x + 7. Let d be (-42)/(-3)*3/(-6). Determine z(d).
7
Let l(b) = -2*b**2 - 14*b + 11. Let k(q) = q**2 + 7*q - 6. Let w(y) = -5*k(y) - 2*l(y). Give w(-6).
14
Let f(a) = -5*a**2 + 4*a - 6. Let r(y) = -y**2 - y + 1. Let m(u) = f(u) + 5*r(u). Calculate m(-1).
-10
Let z(y) = y**3 - 4*y**2 + 4. Let c = -11 - -23. Let p = c - 9. Determine z(p).
-5
Let r(n) = 4*n**2 - n +